he greatest common divisor of 1411 and 68?
17
Calculate the highest common divisor of 22 and 484.
22
What is the greatest common factor of 611 and 2491?
47
What is the highest common factor of 45 and 205?
5
Calculate the greatest common divisor of 62 and 8494.
62
What is the greatest common factor of 65 and 767?
13
What is the highest common factor of 4387 and 41?
41
Calculate the greatest common divisor of 23 and 23.
23
Calculate the greatest common factor of 64 and 4432.
16
Calculate the highest common factor of 62 and 279.
31
Calculate the greatest common factor of 58 and 609.
29
Calculate the greatest common factor of 4312 and 88.
88
Calculate the highest common divisor of 22 and 48.
2
Calculate the greatest common factor of 252 and 5004.
36
What is the greatest common divisor of 62 and 155?
31
What is the greatest common factor of 435 and 16704?
87
What is the highest common factor of 68 and 1258?
34
What is the highest common divisor of 2668 and 92?
92
Calculate the greatest common factor of 11879 and 7.
7
Calculate the greatest common divisor of 10 and 225.
5
Calculate the highest common factor of 280 and 640.
40
What is the highest common factor of 126 and 896?
14
Calculate the highest common factor of 44 and 76.
4
What is the highest common divisor of 6 and 11?
1
Calculate the greatest common divisor of 52 and 3328.
52
What is the highest common factor of 12441 and 99?
33
Calculate the highest common divisor of 155 and 55.
5
What is the highest common factor of 228 and 1064?
76
What is the greatest common divisor of 500 and 25?
25
What is the highest common divisor of 51 and 12189?
51
What is the highest common factor of 34187 and 17?
17
Calculate the highest common factor of 650 and 850.
50
What is the highest common divisor of 12 and 30?
6
What is the greatest common factor of 6 and 40?
2
What is the greatest common divisor of 155 and 1581?
31
Calculate the greatest common divisor of 736 and 23.
23
Calculate the greatest common factor of 2480 and 304.
16
Calculate the highest common divisor of 888 and 24.
24
Calculate the greatest common divisor of 3376 and 40.
8
What is the highest common divisor of 583 and 106?
53
Calculate the highest common divisor of 9 and 36261.
9
What is the greatest common factor of 102 and 126?
6
Calculate the highest common divisor of 13 and 1469.
13
Calculate the highest common divisor of 1022 and 56.
14
Calculate the highest common factor of 288 and 4980.
12
What is the greatest common factor of 75 and 375?
75
Calculate the greatest common divisor of 672 and 456.
24
Calculate the highest common factor of 9881 and 723.
241
Calculate the greatest common factor of 2247 and 21.
21
What is the greatest common factor of 12231 and 567?
81
What is the highest common factor of 217 and 62?
31
Calculate the highest common divisor of 408 and 1512.
24
What is the greatest common factor of 36 and 549?
9
What is the greatest common factor of 4 and 6884?
4
What is the highest common divisor of 18 and 11646?
18
What is the highest common divisor of 26 and 624?
26
Calculate the greatest common factor of 102 and 68.
34
Calculate the highest common factor of 3696 and 627.
33
What is the highest common factor of 28 and 49000?
28
What is the highest common factor of 54 and 48?
6
Calculate the greatest common divisor of 10 and 90.
10
Calculate the highest common divisor of 29 and 29.
29
Calculate the greatest common divisor of 834 and 30.
6
What is the highest common factor of 340 and 40?
20
What is the highest common divisor of 366 and 29402?
122
What is the highest common divisor of 3 and 8?
1
Calculate the highest common divisor of 294 and 3003.
21
What is the greatest common factor of 21 and 129?
3
Calculate the greatest common divisor of 161 and 777.
7
Calculate the highest common factor of 18 and 756.
18
What is the greatest common factor of 253 and 11?
11
Calculate the greatest common factor of 7232 and 113.
113
Calculate the greatest common divisor of 216 and 81.
27
What is the highest common divisor of 3473 and 23?
23
Calculate the greatest common factor of 28 and 780.
4
What is the highest common factor of 1870 and 88?
22
What is the highest common factor of 154 and 35?
7
What is the greatest common factor of 41316 and 132?
132
Calculate the highest common divisor of 4 and 199.
1
What is the highest common divisor of 1911 and 897?
39
What is the highest common factor of 4 and 636?
4
Calculate the highest common factor of 483 and 1491.
21
What is the greatest common divisor of 1494 and 342?
18
What is the greatest common factor of 1967 and 56?
7
Calculate the greatest common factor of 94 and 2.
2
What is the greatest common divisor of 31 and 3317?
31
What is the greatest common divisor of 2738 and 148?
74
What is the greatest common factor of 56 and 1750?
14
Calculate the highest common divisor of 605 and 968.
121
Calculate the greatest common divisor of 45 and 30.
15
Calculate the greatest common factor of 52785 and 230.
115
What is the highest common divisor of 14 and 826?
14
What is the highest common divisor of 393 and 3?
3
What is the greatest common divisor of 15 and 25?
5
What is the greatest common factor of 286 and 22?
22
Calculate the greatest common divisor of 531 and 236.
59
Calculate the greatest common factor of 581 and 166.
83
Calculate the highest common factor of 45 and 639.
9
What is the highest common factor of 125 and 200?
25
What is the greatest common factor of 232 and 4814?
58
Calculate the greatest common divisor of 57265 and 65.
65
What is the greatest common divisor of 83 and 747?
83
What is the greatest common factor of 2173 and 106?
53
What is the greatest common divisor of 696 and 24?
24
What is the greatest common factor of 5 and 90?
5
What is the greatest common factor of 2261 and 114?
19
What is the highest common factor of 27 and 507?
3
What is the highest common factor of 7 and 161?
7
What is the highest common factor of 4580 and 20?
20
What is the highest common divisor of 8 and 776?
8
What is the highest common factor of 1134 and 1944?
162
Calculate the greatest common factor of 2779 and 7.
7
Calculate the greatest common factor of 53 and 5618.
53
Calculate the highest common divisor of 2130 and 30.
30
What is the highest common divisor of 1488 and 272?
16
Calculate the greatest common factor of 52 and 100.
4
Calculate the greatest common divisor of 54 and 1350.
54
Calculate the greatest common factor of 47 and 26.
1
What is the highest common divisor of 119 and 34?
17
What is the highest common factor of 70 and 175?
35
What is the highest common divisor of 6 and 1884?
6
Calculate the highest common divisor of 2 and 152.
2
Calculate the greatest common divisor of 11560 and 40.
40
What is the highest common factor of 664 and 424?
8
What is the greatest common factor of 1007 and 53?
53
What is the greatest common divisor of 204 and 11152?
68
Calculate the highest common factor of 193 and 2.
1
What is the highest common divisor of 4744 and 8?
8
Calculate the highest common factor of 1281 and 21.
21
What is the greatest common factor of 2658 and 24?
6
Calculate the highest common factor of 64 and 40.
8
Calculate the highest common factor of 1260 and 28.
28
What is the highest common divisor of 783 and 29?
29
Calculate the greatest common divisor of 528 and 48.
48
Calculate the greatest common factor of 1025 and 50.
25
What is the highest common factor of 76 and 4?
4
Calculate the greatest common divisor of 19 and 1.
1
Calculate the greatest common divisor of 2864 and 112.
16
What is the greatest common divisor of 19 and 247?
19
Calculate the highest common factor of 53 and 1.
1
What is the greatest common factor of 216 and 135?
27
Calculate the greatest common factor of 1566 and 297.
27
What is the greatest common divisor of 372 and 3162?
186
What is the greatest common divisor of 2097 and 9?
9
What is the greatest common factor of 222 and 18?
6
Calculate the highest common factor of 3757 and 13.
13
Calculate the greatest common divisor of 1881 and 38.
19
Calculate the greatest common factor of 3152 and 176.
16
Calculate the greatest common divisor of 14 and 1.
1
What is the greatest common factor of 516 and 36?
12
What is the greatest common factor of 84 and 72?
12
What is the gre